51283 is divided by 21.
16
Calculate the remainder when 119981 is divided by 31.
11
What is the remainder when 1190961 is divided by 10447?
3
What is the remainder when 2259240 is divided by 54?
42
What is the remainder when 53309213 is divided by 9?
8
What is the remainder when 184248 is divided by 8927?
5708
What is the remainder when 1221409 is divided by 610704?
1
Calculate the remainder when 10900146 is divided by 39.
36
Calculate the remainder when 311313 is divided by 955.
938
What is the remainder when 26749 is divided by 3749?
506
What is the remainder when 388637 is divided by 388637?
0
Calculate the remainder when 517034 is divided by 136.
98
Calculate the remainder when 176538 is divided by 792.
714
What is the remainder when 29554 is divided by 5425?
2429
What is the remainder when 451755 is divided by 1277?
974
Calculate the remainder when 3120091 is divided by 166.
121
What is the remainder when 733561 is divided by 733496?
65
Calculate the remainder when 57437 is divided by 1145.
187
Calculate the remainder when 19359874 is divided by 11.
6
What is the remainder when 9886667 is divided by 823888?
11
Calculate the remainder when 93498 is divided by 1277.
277
What is the remainder when 26746 is divided by 333?
106
What is the remainder when 7409181 is divided by 63872?
29
What is the remainder when 69358459 is divided by 56?
51
Calculate the remainder when 563841 is divided by 2891.
96
Calculate the remainder when 1686839 is divided by 46856.
23
Calculate the remainder when 1672748 is divided by 52273.
12
What is the remainder when 34034 is divided by 1553?
1421
What is the remainder when 1636117 is divided by 1153?
10
What is the remainder when 134749 is divided by 9552?
1021
Calculate the remainder when 6083749 is divided by 659.
520
Calculate the remainder when 125262 is divided by 1648.
14
Calculate the remainder when 831918 is divided by 1895.
13
Calculate the remainder when 2859635 is divided by 704.
691
Calculate the remainder when 26661 is divided by 6067.
2393
Calculate the remainder when 3493950 is divided by 65922.
84
Calculate the remainder when 66779174 is divided by 397495.
14
What is the remainder when 3786380 is divided by 43027?
4
What is the remainder when 19425570 is divided by 3710?
10
What is the remainder when 23281594 is divided by 50?
44
Calculate the remainder when 3469350 is divided by 114.
102
What is the remainder when 378856 is divided by 188111?
2634
What is the remainder when 8976072 is divided by 4488033?
6
What is the remainder when 1857945 is divided by 371524?
325
Calculate the remainder when 222723 is divided by 74239.
6
Calculate the remainder when 266553 is divided by 15679.
10
What is the remainder when 11254588 is divided by 865737?
7
What is the remainder when 116368 is divided by 613?
511
What is the remainder when 5518654 is divided by 147?
127
What is the remainder when 11356708 is divided by 354897?
4
What is the remainder when 15744318 is divided by 100282?
44
What is the remainder when 4799892 is divided by 436353?
9
Calculate the remainder when 984043 is divided by 289.
287
What is the remainder when 781719259 is divided by 298?
295
What is the remainder when 264111 is divided by 278?
11
What is the remainder when 1045557 is divided by 174210?
297
Calculate the remainder when 2633721 is divided by 77462.
13
What is the remainder when 37057825 is divided by 2754?
1
What is the remainder when 48171074 is divided by 21?
14
Calculate the remainder when 684730 is divided by 1085.
95
Calculate the remainder when 10823 is divided by 5263.
297
What is the remainder when 1849771 is divided by 1659?
1645
What is the remainder when 13243588 is divided by 437?
303
What is the remainder when 7685317 is divided by 1921287?
169
Calculate the remainder when 147556655 is divided by 16.
15
Calculate the remainder when 473722664 is divided by 11.
8
Calculate the remainder when 47104 is divided by 2293.
1244
What is the remainder when 35304 is divided by 1081?
712
What is the remainder when 4846 is divided by 970?
966
Calculate the remainder when 33014319 is divided by 3668254.
33
What is the remainder when 18916351 is divided by 58564?
179
What is the remainder when 158058 is divided by 32?
10
Calculate the remainder when 4899447 is divided by 21583.
106
Calculate the remainder when 7298097 is divided by 2695.
37
What is the remainder when 291277 is divided by 4773?
124
Calculate the remainder when 31483 is divided by 9744.
2251
Calculate the remainder when 14130327 is divided by 1136.
759
What is the remainder when 81698834 is divided by 26?
22
Calculate the remainder when 69097732 is divided by 249.
232
What is the remainder when 55430 is divided by 7981?
7544
Calculate the remainder when 296853 is divided by 3970.
3073
What is the remainder when 3292175 is divided by 3767?
3584
What is the remainder when 51886019 is divided by 2495?
2494
Calculate the remainder when 463498 is divided by 75356.
11362
What is the remainder when 12598948 is divided by 13?
11
Calculate the remainder when 103415 is divided by 7289.
1369
What is the remainder when 117289 is divided by 38940?
469
Calculate the remainder when 1081332 is divided by 1567.
102
Calculate the remainder when 23783371 is divided by 11891664.
43
Calculate the remainder when 788931 is divided by 405.
396
Calculate the remainder when 1038330480 is divided by 17242.
17240
What is the remainder when 257781641 is divided by 378?
5
What is the remainder when 142398 is divided by 8322?
924
What is the remainder when 454001 is divided by 3380?
1081
Calculate the remainder when 38966 is divided by 281.
188
What is the remainder when 603789 is divided by 24?
21
Calculate the remainder when 28370 is divided by 7085.
30
Calculate the remainder when 165790 is divided by 16289.
2900
What is the remainder when 3126443 is divided by 3776?
3691
What is the remainder when 23101 is divided by 3807?
259
What is the remainder when 3456935 is divided by 504?
503
What is the remainder when 129928 is divided by 292?
280
What is the remainder when 176832064 is divided by 50?
14
Calculate the remainder when 2425150 is divided by 121253.
90
What is the remainder when 2154561 is divided by 1077234?
93
Calculate the remainder when 3085704 is divided by 110202.
48
Calculate the remainder when 2556730 is divided by 6312.
370
What is the remainder when 46382581 is divided by 112579?
33
What is the remainder when 309454 is divided by 280?
54
Calculate the remainder when 203427 is divided by 203172.
255
What is the remainder when 35800 is divided by 4757?
2501
What is the remainder when 110324 is divided by 27473?
432
Calculate the remainder when 941317 is divided by 1115.
257
What is the remainder when 81976 is divided by 169?
11
What is the remainder when 449529 is divided by 7140?
6849
What is the remainder when 784508 is divided by 65367?
104
Calculate the remainder when 1413233 is divided by 80.
33
What is the remainder when 12678 is divided by 1232?
358
Calculate the remainder when 150190 is divided by 1353.
7
What is the remainder when 437322 is divided by 436839?
483
Calculate the remainder when 2640951 is divided by 880281.
108
Calculate the remainder when 1263604 is divided by 25785.
139
What is the remainder when 2844739 is divided by 167336?
27
What is the remainder when 25211700 is divided by 25700?
0
Calculate the remainder when 2284150957 is divided by 20.
17
Calculate the remainder when 3779224 is divided by 596.
584
What is the remainder when 236306 is divided by 78663?
317
Calculate the remainder when 554719796 is divided by 279.
278
Calculate the remainder when 3828281 is divided by 5024.
5017
What is the remainder when 3184580 is divided by 78?
74
Calculate the remainder when 339056 is divided by 163.
16
What is the remainder when 124729168 is divided by 2771759?
13
What is the remainder when 15904756 is divided by 2442?
10
Calculate the remainder when 1242344 is divided by 3664.
248
Calculate the remainder when 57105046 is divided by 2184.
2182
What is the remainder when 15239933 is divided by 7619963?
7
Calculate the remainder when 15641 is divided by 8705.
6936
Calculate the remainder when 435006 is divided by 25588.
10
Calculate the remainder when 9216